pose 373 + 167 = 5*n - 4*u, n - 108 = -m*u. Let p = 115 - n. What is the units digit of p?
7
Suppose 4*b + 60 = 5*g, -2*g = -3*b - 35 + 4. Suppose 14*r - g*r = 492. What is the units digit of r?
2
Let d(y) = -42*y + 1634. Let c be d(39). Suppose 3*m = -2*p + 6*p - 11, -2*m = p. What is the units digit of -4 + (-715)/c + m/(-4)?
5
Suppose 5*d - 180940 = 5*r, 5*d = -3*r - 2*r + 180930. What is the tens digit of d?
8
Suppose 118*b + j = 121*b - 143440, b = 5*j + 47776. What is the tens digit of b?
1
Suppose 0 = -2*f + 3*y - 847, 9*y = f + 8*y + 422. Let s = 698 + f. What is the hundreds digit of s?
2
Suppose 2*r - 32 = 4*m, 2*r - 3*m + 0*m - 28 = 0. Suppose r*d - 13*d + 1935 = 0. What is the tens digit of d?
8
Let n be 79/(-79) - (-26 + -1 + 2). Let v(z) = 31 - n - 9*z - 33*z. What is the tens digit of v(-4)?
7
Suppose 3*m = -2*m + 3*k + 45, 0 = 4*m + 5*k - 73. Suppose 0 = -m*y + 11*y - 54. What is the tens digit of y/(-4)*(-104)/(-39)?
3
Let s be 12*(-3 - -6)/9. Suppose -5129 = -s*w - 5*c, -w + 269 = 4*c - 1027. What is the tens digit of w?
7
Let d(u) be the third derivative of 43*u**5/15 - u**4/12 - 30*u**2. Suppose -q + k = 1, 5*k - 12 = -3*q + q. What is the hundreds digit of d(q)?
1
Let s be (48/18)/((-2)/3). Let z be (s + (2 - -3))*4. Suppose 3*x - 14 = -z*a + 266, 3*a = -3*x + 207. What is the tens digit of a?
7
Let h be (3/(-6))/((-2)/(-292)). Let r = h + -2. What is the units digit of (-30)/r + 996/10?
0
Let l(v) = 1457*v + 3740. What is the ten thousands digit of l(11)?
1
Let v(y) = 2*y**2 - 11*y - 20. Let s be v(7). Let b(n) = 42*n - 5. Let l be b(s). Suppose 42*k - l*k = 120. What is the tens digit of k?
2
Suppose 565*l - 1686 = 559*l. Let h = l + -197. What is the tens digit of h?
8
Suppose 0 = 41*q - 44*q + 19764. What is the tens digit of q?
8
Suppose -f + 3*y + 89 = -149, -237 = -f + 4*y. Suppose -5*d + c + 1238 = 0, d = -0*c - 2*c + f. Suppose d = -a + 14*a. What is the tens digit of a?
1
Suppose 216810 = -5*x + 19*x + 8*x. What is the thousands digit of x?
9
Let x = 115 - 112. Suppose -x*c - 7 = -5*d, 8*d = 11*d - 6. Suppose -3*s - 3*o = -204, c + 255 = 4*s - 4*o. What is the tens digit of s?
6
Let w(b) = -2*b**3 - 56*b**2 - 26*b + 113. What is the units digit of w(-29)?
9
Suppose 4*m - 268 = -2*n, -3*n = -5*m - 627 + 192. Let f = 54 - n. What is the units digit of f*(-5)/10 + -1?
2
Let c be -27*(-31 + 28 - (1 - -55)). Suppose -c*k + 1599*k - 5634 = 0. What is the units digit of k?
9
Let d = -609 - -608. Let n(r) be the first derivative of 49*r**3/3 - r - 8. What is the tens digit of n(d)?
4
Let x(o) = 4156*o + 4276. What is the units digit of x(8)?
4
Let g be ((4 - 4) + 1)*-32. Let m be 202*4/g*-4 + -2. Let d = m + -68. What is the units digit of d?
1
Let x(p) be the third derivative of -595*p**4/24 - p**3/2 + p**2 + p. What is the units digit of x(-1)?
2
Let i = -154 + 406. Let j = 848 + -845. Suppose 2*z + l + 3*l = i, j*z - 4*l - 428 = 0. What is the hundreds digit of z?
1
Let g(a) = 374*a + 4551. What is the tens digit of g(34)?
6
Let m(j) = 2*j**2 - 9*j. Let b be m(5). Suppose -b*o + 4*k + 6721 = -166, -6901 = -5*o - 3*k. Suppose -11*u - 125 = -o. What is the units digit of u?
4
What is the units digit of ((-14)/((-84)/18) - -5887) + -4?
6
Suppose 4*n + 16 + 4 = 0. Let b(p) = -68*p**2 + 23. Let x(m) = 80*m**2 + m - 25. Let g(y) = -6*b(y) - 5*x(y). What is the units digit of g(n)?
2
Let v(j) = 303*j**3 - 3*j**2 + 9*j - 26. What is the units digit of v(3)?
5
Suppose 1491*i - 1472*i - 9139 = 0. What is the units digit of i?
1
Let j be ((-3)/(-6))/(3/72)*-1. Let v(c) = 6*c + 95. What is the units digit of v(j)?
3
Let j(v) = 53*v**2 + 1. Let o = 12 + -11. Suppose -2*s - n = 5 + o, 0 = s + n + 5. What is the units digit of j(s)?
4
Suppose 5*g - 15 = 0, 4*a = -g + 19207 + 11212. What is the tens digit of a?
0
Suppose -4*f + 5*p = 3*p - 2600, 3*f + 5*p = 1924. Let y = f - 637. What is the tens digit of y?
1
Let i = -138 + 767. Suppose 3*k = 463 + i. What is the hundreds digit of k?
3
Let l be (2 + -3)/(-4) + (-322615)/(-20). What is the hundreds digit of l/27 - (-28)/(-63)?
5
Let d = 27596 - 15036. What is the thousands digit of d?
2
Let w = -10742 + 23688. What is the units digit of w?
6
Let o be 8*6/(-6)*(-1)/4. Suppose m - 4*b = 512, -o*b = 3*m - 4*b - 1586. What is the tens digit of m?
3
Let k = -60 + 64. Suppose m - 16 = 5*q, k*m + 15 = -3*q - 13. What is the units digit of 96/4 + q + -2?
8
Let j be (-2*(-3)/(-6) - 1)*26. Let o = j - -55. What is the units digit of (-10)/(1 + o + -6)?
5
Let u = 11801 - 11659. What is the hundreds digit of u?
1
Suppose 4*y + 4*d - 28 = 0, 3*d = 2*y + 2*d - 20. Let t(r) = -r**2 + 8*r + 11. Let i be t(y). Let v = 4 - i. What is the units digit of v?
2
Suppose 3*o = -46*n + 49*n + 21666, -4*o = -3*n - 28887. What is the thousands digit of o?
7
Let w = 2029 - -3429. What is the hundreds digit of w?
4
Let x = -10 - -28. Let o(t) = 31 - 8*t + 9*t - 2*t + 5*t. What is the units digit of o(x)?
3
Let h = -549 + 471. Let l = 170 + h. What is the tens digit of l?
9
Suppose -7*p - 1008 = -4*p. Let s be (p/(-35))/(9/150). Let k = s + -71. What is the units digit of k?
9
Let h(j) = 10852*j**3 + j**2 + 5*j - 3. What is the thousands digit of h(1)?
0
Suppose -341*g + 5*u = -340*g - 6520, 9*g = -3*u + 58584. What is the thousands digit of g?
6
Let p be 153/6*(-16)/(-24). Suppose 3*b = -3, 2*b = -19*q + p*q + 298. What is the units digit of q?
0
Suppose -6*f = 30 - 192. Suppose 15*r + 11304 = f*r. What is the units digit of r?
2
Let l = 28 + -10. Let f be l/12 + (-1)/(-2). What is the units digit of (-3 - -5) + -3 + f?
1
Suppose 0 = 2*z + 4*z - 24. Let i be 2*(z/14 + 2010/21). Suppose 0 = -4*r - i + 552. What is the tens digit of r?
9
Suppose 3*n - 9 = s, -2*n - 11 = -s - 4*n. Suppose 3*v + s = 0, 6*y - v = 2*y + 193. Suppose -y*x = -44*x - 8. What is the units digit of x?
2
Let q be 912/(-27) - (40/36)/5. Let l = q - -57. Suppose -3*j = 3*d + 53 - 152, d - 4*j - l = 0. What is the units digit of d?
1
Suppose -101 = 4*d - 3*a + 75, -2*d - 88 = -4*a. Let i = 3 + -1. What is the tens digit of ((-33)/d)/(i/168)?
6
Let t(n) = -n**3 - n**2 + 49. Let d = 11 - 2. Suppose d*h - 4*h = 0. What is the tens digit of t(h)?
4
Let v = 432 - 521. Let c = v - -1553. What is the thousands digit of c?
1
Let m be 123/2*1080/(-324). Suppose 5*d - 1805 = x, 4*d = 5*x - 0*x + 1444. Let f = d + m. What is the units digit of f?
6
Let b(q) be the third derivative of q**5/15 + q**4/24 + 5*q**3/6 + 23*q**2. Let f be b(-4). Suppose 0 = -5*p + 120 + f. What is the tens digit of p?
3
What is the units digit of (-3 + 960)/((-9)/(-26))*3?
4
Let q(z) = -20*z**2 + 4*z + 2. Let l(i) = -61*i**2 + 11*i + 5. Let c(d) = 4*l(d) - 11*q(d). Let a be c(-1). Let o = a - -65. What is the units digit of o?
9
Suppose 0 = d - 4*s - 33698, 0 = -2*d + s + 2*s + 67381. What is the hundreds digit of d?
6
Suppose -h + 18148 = 2*z, -8*h + 7*h + 18130 = 5*z. What is the tens digit of h?
6
Suppose -y + 7*z = 12*z + 19, 0 = 4*y + z - 19. Suppose -3*n = -2*c + y*c - 5151, -2*c = -3*n + 5133. What is the tens digit of n?
1
Suppose -4*x = 2*v - 2714, -3*v + 7*v = -3*x + 5403. Let c = 1976 - v. What is the units digit of c?
9
What is the hundreds digit of 7 - (-17 - -16) - -5007?
0
Let p(x) = 361*x**3 + 7*x**2 + 13*x - 28. What is the thousands digit of p(5)?
5
Let k(i) be the first derivative of i**4/4 - 7*i**3/3 - 7*i**2/2 + 17*i - 13. Let d be k(7). Let f = 71 + d. What is the units digit of f?
9
Let h(i) = -23*i + 38. Let m be 4/(-130)*5 - (-126)/(-26). What is the units digit of h(m)?
3
Suppose 6*n = 2*n + 12. Let b be (287 + n + -7 + 1)*-1. Let p = 464 + b. What is the hundreds digit of p?
1
Suppose 4*z + 1033 = -4*n + 24829, -29777 = -5*n + 3*z. What is the tens digit of n?
5
Let q(t) = 2*t - 6. Let j be q(0). Let l(m) = -4*m - 9. Let y be l(j). Suppose 3*b = 2*b + y. What is the units digit of b?
5
Let i(c) = c**2 + 26*c - 135. Let r be i(-30). Let q = 707 - r. What is the hundreds digit of q?
7
Suppose -348127 = -28*x + 15*x. What is the thousands digit of x?
6
Let w = 15837 - -56181. What is the ten thousands digit of w?
7
Let v be -6 + (-8044)/8*-2. Suppose 14*w = 2867 + v. What is the units digit of w?
8
Let k(j) = -j**2 - 4*j + 3. Let f be k(-8). Let o =